be g(1). Suppose 0 = 3*q - q - j. What is the units digit of q?
6
Let u(d) = -d + 18. What is the units digit of u(14)?
4
Let l = 29 - 10. Suppose 2*a = -5*r + l, 4*r - 33 = -3*a - 8. What is the units digit of a?
7
Let o(q) = -q**3 + 10*q**2 - 8*q. Suppose -5*l + 30 = -4*a, 2*l = -2*l - a + 3. Suppose -36 = l*i - 6*i. What is the units digit of o(i)?
9
Let r = 3 + -1. Let k(x) = 5*x + 2*x + 2*x. What is the units digit of k(r)?
8
Suppose -3*p + 236 = w, 0*p + 405 = 5*p + 4*w. What is the units digit of p?
7
Suppose 5*a - 150 = -2*t, -2*t - 5*a = -t - 75. What is the tens digit of t?
7
Suppose u + 0*c = -2*c - 3, 3 = 5*u + 4*c. What is the units digit of (-4)/(u - 7) + 3?
4
Suppose 4*j = 5*l + 1, 3*j - 3*l - 5 + 2 = 0. What is the units digit of j?
4
Let m be 1/(-3)*-1*9. Suppose -3*a = 3*q - 2 - 1, 0 = -2*a - m*q - 3. What is the units digit of a?
6
Suppose 4*d + 12 = -20. Let m(a) = -2*a - 12. What is the units digit of m(d)?
4
Let h = 76 - 48. What is the units digit of h?
8
Let o(m) = m**2 + m - 1. Let d(b) = -b. Let n(j) = j + 12. Let s(c) = 2*d(c) + n(c). Let g be s(10). What is the units digit of o(g)?
5
Let u(y) = 2*y**3 - 5*y**2 - 5*y + 5. Let j be u(4). What is the tens digit of ((-6)/(-2))/(9/j)?
1
Let w(r) = 3*r**2 + r. Let h be w(1). Let m(b) = 3*b - 3. What is the units digit of m(h)?
9
Suppose 4*n + 0*n = 0. Suppose 27 = 4*c + 3*r, n*c + 5*r = -c - 6. What is the units digit of c?
9
Suppose 65 = 5*f - 5*m, 0 = -2*f + 5*m + 24 + 11. Let l(z) = 4*z - 15. What is the tens digit of l(f)?
2
Let j = 139 - 91. Let r = -2 - -4. Suppose -j = -5*x + x - r*c, 3*x - 37 = -c. What is the units digit of x?
3
Let n(t) = -t**2 - t + 1. Let y(s) = 2*s**2 - 3. Let u(v) = -3*n(v) - y(v). Let f = -10 - -6. What is the units digit of u(f)?
4
What is the tens digit of 47 + (-1 - 4 - -2)?
4
Let w be (-1)/(-8) + (-98)/16. Let y(q) = -7*q + 5*q**2 - 2*q**2 - 4 - 4*q**2. What is the units digit of y(w)?
2
Suppose -2*q = 0, 5 = -5*t - 0*q - 4*q. Let g be t/((-3)/9*-1). What is the units digit of 0 + 2 - (2 + g)?
3
Let z = 86 - 77. What is the units digit of z?
9
Suppose -s + 3*v + 37 = 0, -s - 6*v + 77 = -v. Let n = -37 + s. Let l = 28 - n. What is the tens digit of l?
1
Suppose s - 324 = -3*s. What is the units digit of s?
1
Suppose -4*r = -37 + 5. Suppose -2*k + 2*v = -5 - 3, 4*v + r = 0. What is the units digit of -12*(3/k)/(-3)?
6
Let w be ((-324)/10)/(4/(-40)). Suppose 60 = -4*l + w. What is the units digit of l/10 - (-9)/(-15)?
6
Let b = -25 + 15. What is the units digit of (-16)/b - 6/10?
1
Suppose 4*s + 3*h = -s + 384, 4*s - h = 297. What is the tens digit of s?
7
Let a(w) = w**3 - 9*w**2 + 9*w + 4. Let x be a(8). Let v = -8 + x. Suppose -5*f = 5*b - 20 - 0, -f + 9 = -v*b. What is the units digit of f?
5
Let t be (-16)/(-2)*(-1)/2. Let k = t + 7. Suppose 0 = -0*v + k*v - 9. What is the units digit of v?
3
What is the units digit of 454/18 + 22/(-99) + 3?
8
Let u = 3 - 2. Let c(r) be the third derivative of 2*r**6/15 + r**3/6 - 7*r**2. What is the units digit of c(u)?
7
Suppose 0 = f + f + c + 1, c + 3 = -f. Suppose 5 + 3 = f*v. Suppose 8 = p - v*w - w, -4*p - 2*w = -10. What is the units digit of p?
3
Let l be (2/5)/((-2)/(-30)). Let q(a) = l + 0 - 4 + a. What is the units digit of q(3)?
5
Let s(t) = t + 8. What is the tens digit of s(10)?
1
Suppose 0 = 5*j - 6 - 14. Suppose 0 = 2*x + 2*x - j. What is the units digit of (-100)/(-16) + x/(-4)?
6
Let t = -15 + 11. What is the units digit of (-193)/(-13) + t/(-26)?
5
Suppose 2*x = -0*x + 82. What is the units digit of x?
1
Let f be 7/3 + 6/9. Suppose 0 = f*v + 2*a - 62, 5*v + 2*a - 110 = -0*v. Suppose h - v = -3*h. What is the units digit of h?
6
Suppose 5*k = -10 + 75. What is the tens digit of k?
1
Let j(u) = u**3 - 8*u**2 - 9*u + 4. Let b be j(9). Suppose -b*k + 29 = -27. What is the units digit of k?
4
Suppose 3*b = -b + 64. Let q(w) = w**3 - 16*w**2 + w - 15. What is the units digit of q(b)?
1
Suppose 12 = 4*v - 2*l + 2, 0 = -l + 5. Let b be -1 + v/((-10)/(-8)). Let d = 5 - b. What is the units digit of d?
2
Let p be 15*(-3)/(-36)*-8. What is the units digit of 1/(-5) + (-202)/p?
0
Let f(g) be the second derivative of -g**5/20 - g**4/2 + 2*g**3/3 + 9*g**2/2 - 4*g. What is the tens digit of f(-7)?
3
Suppose -3*j - 9 = -x, -4*x + 5*j + 84 = 20. Suppose 0*q - 3*q = -x. What is the units digit of q?
7
Suppose 8*d - 62 = 2402. What is the hundreds digit of d?
3
Suppose 3*h - 1 - 5 = 0. What is the units digit of h?
2
Suppose 3*p - 9 = -5*o + 95, p = 3*o - 54. What is the units digit of o?
9
Suppose -7*l = -o - 3*l + 149, -5*o + 4*l + 729 = 0. What is the hundreds digit of o?
1
Suppose 7*c = 4*g + 4*c - 362, -5*g + 3*c = -454. What is the units digit of g?
2
Let f = 5 + -7. Let z be f - 5/((-5)/2). What is the units digit of -1 + z + 2 + 2?
3
Let q(t) be the second derivative of t**5/20 + 7*t**4/12 + t**3/2 - 5*t**2/2 - 6*t. Suppose 2*f - 5*f - 18 = 0. What is the units digit of q(f)?
3
Suppose 5*t - 32 = -4*s, -4*t - 4*s = s - 31. Suppose t*u - 8 = 3*u. Let i(h) = h + 7. What is the units digit of i(u)?
5
Let v(q) = -2*q**2 + 6*q**2 - q**3 + 2*q - 2 + 3. What is the units digit of v(4)?
9
What is the units digit of -4*3/(-12)*11?
1
Let m(r) = -r + 12. What is the tens digit of m(0)?
1
What is the units digit of (-143)/(-33) + (-4)/(-6)?
5
Let l(p) = -p**3 + 9*p**2 + p - 10. What is the hundreds digit of l(6)?
1
Suppose -3*l = -4*l + i + 40, l - 4*i - 34 = 0. What is the units digit of l?
2
Let u = 10 + -16. Let x = u + 8. What is the units digit of (0 - 1)/(x/(-14))?
7
Let f be (8*-3)/1 - 4. Let s = f + 72. What is the units digit of s?
4
Let t(f) = 4*f + 2. Let y(m) = -m**2 + 8*m - 4. Let n be y(7). What is the tens digit of t(n)?
1
Let d be (4/12)/((-1)/9). Suppose -3*x + 127 = 5*f, -5*f + 88 = -f - x. Let h = d + f. What is the units digit of h?
0
Suppose 0 = m - 2*w - 2, -3*w = -2*m + m + 6. Let c = 3 + m. Let o = 9 - c. What is the units digit of o?
2
Let b be (-250)/(-6) + 4/3. Let w = -31 + b. What is the units digit of w?
2
Suppose w = -2*w + 153. Suppose -2*x - 5 = -w. What is the units digit of x?
3
Suppose -5*s + 92 = -s. Let w be s/5 - (-2)/5. Suppose 18 + 42 = w*b. What is the units digit of b?
2
Suppose 1335 = 5*l + 4*u, 2*l + 281 = 3*l - 2*u. What is the tens digit of l?
7
Suppose 2*z - 4 - 8 = 0. Let m be (2 + 1)*(2 - 1). Suppose 5*y + 23 + 2 = 5*v, z = 4*v + m*y. What is the units digit of v?
3
Suppose 4*n + 83 = 251. What is the tens digit of n?
4
Let m(l) = -l. Let z be m(3). What is the tens digit of 9 + (-1 - z) + 0?
1
Suppose 6*i = 4*i - 6. Let q be ((-6)/9)/((-1)/i). Let b = 9 + q. What is the units digit of b?
7
Let j(f) = 9 - f**3 - f**2 + 0*f**2 + 8*f**2. Let d be j(7). Suppose -7*y + d = -4*y. What is the units digit of y?
3
Let m = -14 + 17. Suppose 2*y = -m*y + 150. What is the units digit of y?
0
Suppose 3*o + 2*o = 175. Suppose -n + 10 = -o. What is the tens digit of n?
4
Let z = -21 - -38. What is the tens digit of z?
1
Let k(a) = a**2 - 5*a - 1. Let f be k(6). Suppose -5*q + 3*u = -53, 12 = 3*q - f*u - 23. What is the tens digit of q?
1
Suppose 3*h + 2*h - 25 = 0. Suppose -4*z = h*i + 16, -2*z - 12 = z. What is the units digit of 1 - (-1 - i/(-1))?
2
Let g(v) = -2*v**2 - 2*v + 5*v - 1 + 4*v**3 - v. What is the units digit of g(1)?
3
Suppose -4*r + t = -9*r + 10, 8 = 4*r - 4*t. Let j be 1*(-2)/r - -3. What is the tens digit of 13 - (5 - j)/3?
1
Let x(p) = -p**2 - 6*p - 3. Let b be x(-5). Suppose -b*y + 4*y = 0. Suppose -4*n + 9*n - 40 = y. What is the units digit of n?
8
Let o be -48*1/(-4)*2. Let f = o - 11. What is the units digit of f?
3
Let v = -21 + 62. What is the tens digit of v?
4
Suppose -15*x + 1494 + 636 = 0. What is the units digit of x?
2
Let h(g) = -19*g + 16. What is the units digit of h(-8)?
8
Suppose 4*y - 3*o - 680 = 0, 2*o + 510 = 3*y - 2*o. What is the tens digit of y?
7
Let o(f) = 8*f. Suppose -3*t + 8 + 3 = -4*c, -5*t = 2*c - 1. What is the units digit of o(t)?
8
Let m(n) = n**2 + 1. Let y be m(-1). Suppose -5*v = 4*u - 8, -y*v - 1 = -u + 1. What is the units digit of u?
2
What is the hundreds digit of (72/(-15))/((-3)/70) + -4?
1
Let a(t) = -t**3 - 3*t**2 + 3*t - 2. Let u = -6 - -2. What is the units digit of a(u)?
2
Let g(z) = 5*z**2 - 8*z 